{"id":15,"date":"2025-11-05T11:11:42","date_gmt":"2025-11-05T08:11:42","guid":{"rendered":"https:\/\/acard.anabilim.k12.tr\/?page_id=15"},"modified":"2025-11-05T11:33:49","modified_gmt":"2025-11-05T08:33:49","slug":"egitim","status":"publish","type":"page","link":"https:\/\/acard.anabilim.k12.tr\/index.php\/egitim\/","title":{"rendered":"E\u011fitim"},"content":{"rendered":"\n<div class=\"wp-block-columns is-layout-flex wp-container-core-columns-is-layout-28f84493 wp-block-columns-is-layout-flex\">\n<div class=\"wp-block-column is-layout-flow wp-block-column-is-layout-flow\">\n<figure class=\"wp-block-image size-large\"><img loading=\"lazy\" decoding=\"async\" width=\"1024\" height=\"683\" src=\"https:\/\/acard.anabilim.k12.tr\/wp-content\/uploads\/2025\/11\/premium_photo-1663106423058-c5242333348c-1024x683.jpeg\" alt=\"\" class=\"wp-image-31\" srcset=\"https:\/\/acard.anabilim.k12.tr\/wp-content\/uploads\/2025\/11\/premium_photo-1663106423058-c5242333348c-1024x683.jpeg 1024w, https:\/\/acard.anabilim.k12.tr\/wp-content\/uploads\/2025\/11\/premium_photo-1663106423058-c5242333348c-300x200.jpeg 300w, https:\/\/acard.anabilim.k12.tr\/wp-content\/uploads\/2025\/11\/premium_photo-1663106423058-c5242333348c-768x512.jpeg 768w, https:\/\/acard.anabilim.k12.tr\/wp-content\/uploads\/2025\/11\/premium_photo-1663106423058-c5242333348c-1536x1024.jpeg 1536w, https:\/\/acard.anabilim.k12.tr\/wp-content\/uploads\/2025\/11\/premium_photo-1663106423058-c5242333348c-2048x1365.jpeg 2048w\" sizes=\"auto, (max-width: 1024px) 100vw, 1024px\" \/><\/figure>\n\n\n\n<p>\u0130Z KOLEKT\u0130F<\/p>\n\n\n\n<style>\n.read-more-content {\n  display: none;\n  margin-top: 10px;\n  color: #333 !important;\n  line-height: 1.6;\n}\n\n.read-more-btn {\n  display: inline-block;\n  background-color: #d62828 !important; \/* k\u0131rm\u0131z\u0131 *\/\n  color: #fff !important;\n  padding: 10px 20px !important;\n  border: none !important;\n  border-radius: 4px !important;\n  cursor: pointer !important;\n  margin-top: 8px !important;\n  font-weight: 500 !important;\n  transition: background-color 0.3s ease !important;\n}\n\n.read-more-btn:hover {\n  background-color: #a71d2a !important; \/* koyu k\u0131rm\u0131z\u0131 *\/\n  color: #fff !important;\n}\n<\/style>\n\n<div class=\"read-more-section\">\n  <p>\n    Bu k\u0131sa a\u00e7\u0131klama k\u0131sm\u0131d\u0131r. Daha fazla bilgi i\u00e7in a\u015fa\u011f\u0131daki butona t\u0131klay\u0131n.\n  <\/p>\n\n  <button class=\"read-more-btn\" onclick=\"toggleReadMore(this)\">Devam\u0131n\u0131 Oku<\/button>\n\n  <div class=\"read-more-content\">\n    <p>\n      \ud83d\udd34 \u0130\u015fte gizli olan uzun metin burada g\u00f6r\u00fcn\u00fcr.  \n      Buraya istedi\u011fin kadar detayl\u0131 bilgi, a\u00e7\u0131klama veya g\u00f6rsel ekleyebilirsin.  \n      Butona tekrar t\u0131klarsan metin kapan\u0131r.\n    <\/p>\n  <\/div>\n<\/div>\n\n<script>\nfunction toggleReadMore(button) {\n  const content = button.nextElementSibling;\n  const isVisible = content.style.display === 'block';\n  content.style.display = isVisible ? 'none' : 'block';\n  button.textContent = isVisible ? 'Devam\u0131n\u0131 Oku' : 'Kapat';\n}\n<\/script>\n<\/div>\n\n\n\n<div class=\"wp-block-column is-layout-flow wp-block-column-is-layout-flow\">\n<figure class=\"wp-block-image size-large\"><img loading=\"lazy\" decoding=\"async\" width=\"1024\" height=\"683\" src=\"https:\/\/acard.anabilim.k12.tr\/wp-content\/uploads\/2025\/11\/premium_photo-1663106423058-c5242333348c-1-1024x683.jpeg\" alt=\"\" class=\"wp-image-33\" srcset=\"https:\/\/acard.anabilim.k12.tr\/wp-content\/uploads\/2025\/11\/premium_photo-1663106423058-c5242333348c-1-1024x683.jpeg 1024w, https:\/\/acard.anabilim.k12.tr\/wp-content\/uploads\/2025\/11\/premium_photo-1663106423058-c5242333348c-1-300x200.jpeg 300w, https:\/\/acard.anabilim.k12.tr\/wp-content\/uploads\/2025\/11\/premium_photo-1663106423058-c5242333348c-1-768x512.jpeg 768w, https:\/\/acard.anabilim.k12.tr\/wp-content\/uploads\/2025\/11\/premium_photo-1663106423058-c5242333348c-1-1536x1024.jpeg 1536w, https:\/\/acard.anabilim.k12.tr\/wp-content\/uploads\/2025\/11\/premium_photo-1663106423058-c5242333348c-1-2048x1365.jpeg 2048w\" sizes=\"auto, (max-width: 1024px) 100vw, 1024px\" \/><\/figure>\n\n\n\n<p>SEMPA YURT DI\u015eI E\u011e\u0130T\u0130M<\/p>\n\n\n\n<style>\n.read-more-content {\n  display: none;\n  margin-top: 10px;\n  color: #333 !important;\n  line-height: 1.6;\n}\n\n.read-more-btn {\n  display: inline-block;\n  background-color: #d62828 !important; \/* k\u0131rm\u0131z\u0131 *\/\n  color: #fff !important;\n  padding: 10px 20px !important;\n  border: none !important;\n  border-radius: 4px !important;\n  cursor: pointer !important;\n  margin-top: 8px !important;\n  font-weight: 500 !important;\n  transition: background-color 0.3s ease !important;\n}\n\n.read-more-btn:hover {\n  background-color: #a71d2a !important; \/* koyu k\u0131rm\u0131z\u0131 *\/\n  color: #fff !important;\n}\n<\/style>\n\n<div class=\"read-more-section\">\n  <p>\n    Bu k\u0131sa a\u00e7\u0131klama k\u0131sm\u0131d\u0131r. Daha fazla bilgi i\u00e7in a\u015fa\u011f\u0131daki butona t\u0131klay\u0131n.\n  <\/p>\n\n  <button class=\"read-more-btn\" onclick=\"toggleReadMore(this)\">Devam\u0131n\u0131 Oku<\/button>\n\n  <div class=\"read-more-content\">\n    <p>\n      \ud83d\udd34 \u0130\u015fte gizli olan uzun metin burada g\u00f6r\u00fcn\u00fcr.  \n      Buraya istedi\u011fin kadar detayl\u0131 bilgi, a\u00e7\u0131klama veya g\u00f6rsel ekleyebilirsin.  \n      Butona tekrar t\u0131klarsan metin kapan\u0131r.\n    <\/p>\n  <\/div>\n<\/div>\n\n<script>\nfunction toggleReadMore(button) {\n  const content = button.nextElementSibling;\n  const isVisible = content.style.display === 'block';\n  content.style.display = isVisible ? 'none' : 'block';\n  button.textContent = isVisible ? 'Devam\u0131n\u0131 Oku' : 'Kapat';\n}\n<\/script>\n<\/div>\n\n\n\n<div class=\"wp-block-column is-layout-flow wp-block-column-is-layout-flow\">\n<figure class=\"wp-block-image size-large\"><img loading=\"lazy\" decoding=\"async\" width=\"1024\" height=\"683\" src=\"https:\/\/acard.anabilim.k12.tr\/wp-content\/uploads\/2025\/11\/premium_photo-1663106423058-c5242333348c-2-1024x683.jpeg\" alt=\"\" class=\"wp-image-34\" srcset=\"https:\/\/acard.anabilim.k12.tr\/wp-content\/uploads\/2025\/11\/premium_photo-1663106423058-c5242333348c-2-1024x683.jpeg 1024w, https:\/\/acard.anabilim.k12.tr\/wp-content\/uploads\/2025\/11\/premium_photo-1663106423058-c5242333348c-2-300x200.jpeg 300w, https:\/\/acard.anabilim.k12.tr\/wp-content\/uploads\/2025\/11\/premium_photo-1663106423058-c5242333348c-2-768x512.jpeg 768w, https:\/\/acard.anabilim.k12.tr\/wp-content\/uploads\/2025\/11\/premium_photo-1663106423058-c5242333348c-2-1536x1024.jpeg 1536w, https:\/\/acard.anabilim.k12.tr\/wp-content\/uploads\/2025\/11\/premium_photo-1663106423058-c5242333348c-2-2048x1365.jpeg 2048w\" sizes=\"auto, (max-width: 1024px) 100vw, 1024px\" \/><\/figure>\n\n\n\n<p>AMER\u0130KAN K\u00dcLF\u00dcT D\u0130L KURSU<\/p>\n\n\n\n<style>\n.read-more-content {\n  display: none;\n  margin-top: 10px;\n  color: #333 !important;\n  line-height: 1.6;\n}\n\n.read-more-btn {\n  display: inline-block;\n  background-color: #d62828 !important; \/* k\u0131rm\u0131z\u0131 *\/\n  color: #fff !important;\n  padding: 10px 20px !important;\n  border: none !important;\n  border-radius: 4px !important;\n  cursor: pointer !important;\n  margin-top: 8px !important;\n  font-weight: 500 !important;\n  transition: background-color 0.3s ease !important;\n}\n\n.read-more-btn:hover {\n  background-color: #a71d2a !important; \/* koyu k\u0131rm\u0131z\u0131 *\/\n  color: #fff !important;\n}\n<\/style>\n\n<div class=\"read-more-section\">\n  <p>\n    Bu k\u0131sa a\u00e7\u0131klama k\u0131sm\u0131d\u0131r. Daha fazla bilgi i\u00e7in a\u015fa\u011f\u0131daki butona t\u0131klay\u0131n.\n  <\/p>\n\n  <button class=\"read-more-btn\" onclick=\"toggleReadMore(this)\">Devam\u0131n\u0131 Oku<\/button>\n\n  <div class=\"read-more-content\">\n    <p>\n      \ud83d\udd34 \u0130\u015fte gizli olan uzun metin burada g\u00f6r\u00fcn\u00fcr.  \n      Buraya istedi\u011fin kadar detayl\u0131 bilgi, a\u00e7\u0131klama veya g\u00f6rsel ekleyebilirsin.  \n      Butona tekrar t\u0131klarsan metin kapan\u0131r.\n    <\/p>\n  <\/div>\n<\/div>\n\n<script>\nfunction toggleReadMore(button) {\n  const content = button.nextElementSibling;\n  const isVisible = content.style.display === 'block';\n  content.style.display = isVisible ? 'none' : 'block';\n  button.textContent = isVisible ? 'Devam\u0131n\u0131 Oku' : 'Kapat';\n}\n<\/script>\n<\/div>\n<\/div>\n\n\n\n<div class=\"wp-block-columns is-layout-flex wp-container-core-columns-is-layout-28f84493 wp-block-columns-is-layout-flex\">\n<div class=\"wp-block-column is-layout-flow wp-block-column-is-layout-flow\">\n<figure class=\"wp-block-image size-large\"><img loading=\"lazy\" decoding=\"async\" width=\"1024\" height=\"683\" src=\"https:\/\/acard.anabilim.k12.tr\/wp-content\/uploads\/2025\/11\/premium_photo-1663106423058-c5242333348c-3-1024x683.jpeg\" alt=\"\" class=\"wp-image-35\" srcset=\"https:\/\/acard.anabilim.k12.tr\/wp-content\/uploads\/2025\/11\/premium_photo-1663106423058-c5242333348c-3-1024x683.jpeg 1024w, https:\/\/acard.anabilim.k12.tr\/wp-content\/uploads\/2025\/11\/premium_photo-1663106423058-c5242333348c-3-300x200.jpeg 300w, https:\/\/acard.anabilim.k12.tr\/wp-content\/uploads\/2025\/11\/premium_photo-1663106423058-c5242333348c-3-768x512.jpeg 768w, https:\/\/acard.anabilim.k12.tr\/wp-content\/uploads\/2025\/11\/premium_photo-1663106423058-c5242333348c-3-1536x1024.jpeg 1536w, https:\/\/acard.anabilim.k12.tr\/wp-content\/uploads\/2025\/11\/premium_photo-1663106423058-c5242333348c-3-2048x1365.jpeg 2048w\" sizes=\"auto, (max-width: 1024px) 100vw, 1024px\" \/><\/figure>\n\n\n\n<p><\/p>\n\n\n\n<style>\n.read-more-content {\n  display: none;\n  margin-top: 10px;\n  color: #333 !important;\n  line-height: 1.6;\n}\n\n.read-more-btn {\n  display: inline-block;\n  background-color: #d62828 !important; \/* k\u0131rm\u0131z\u0131 *\/\n  color: #fff !important;\n  padding: 10px 20px !important;\n  border: none !important;\n  border-radius: 4px !important;\n  cursor: pointer !important;\n  margin-top: 8px !important;\n  font-weight: 500 !important;\n  transition: background-color 0.3s ease !important;\n}\n\n.read-more-btn:hover {\n  background-color: #a71d2a !important; \/* koyu k\u0131rm\u0131z\u0131 *\/\n  color: #fff !important;\n}\n<\/style>\n\n<div class=\"read-more-section\">\n  <p>\n    Bu k\u0131sa a\u00e7\u0131klama k\u0131sm\u0131d\u0131r. Daha fazla bilgi i\u00e7in a\u015fa\u011f\u0131daki butona t\u0131klay\u0131n.\n  <\/p>\n\n  <button class=\"read-more-btn\" onclick=\"toggleReadMore(this)\">Devam\u0131n\u0131 Oku<\/button>\n\n  <div class=\"read-more-content\">\n    <p>\n      \ud83d\udd34 \u0130\u015fte gizli olan uzun metin burada g\u00f6r\u00fcn\u00fcr.  \n      Buraya istedi\u011fin kadar detayl\u0131 bilgi, a\u00e7\u0131klama veya g\u00f6rsel ekleyebilirsin.  \n      Butona tekrar t\u0131klarsan metin kapan\u0131r.\n    <\/p>\n  <\/div>\n<\/div>\n\n<script>\nfunction toggleReadMore(button) {\n  const content = button.nextElementSibling;\n  const isVisible = content.style.display === 'block';\n  content.style.display = isVisible ? 'none' : 'block';\n  button.textContent = isVisible ? 'Devam\u0131n\u0131 Oku' : 'Kapat';\n}\n<\/script>\n<\/div>\n\n\n\n<div class=\"wp-block-column is-layout-flow wp-block-column-is-layout-flow\">\n<figure class=\"wp-block-image size-large\"><img loading=\"lazy\" decoding=\"async\" width=\"1024\" height=\"683\" src=\"https:\/\/acard.anabilim.k12.tr\/wp-content\/uploads\/2025\/11\/premium_photo-1663106423058-c5242333348c-4-1024x683.jpeg\" alt=\"\" class=\"wp-image-36\" srcset=\"https:\/\/acard.anabilim.k12.tr\/wp-content\/uploads\/2025\/11\/premium_photo-1663106423058-c5242333348c-4-1024x683.jpeg 1024w, https:\/\/acard.anabilim.k12.tr\/wp-content\/uploads\/2025\/11\/premium_photo-1663106423058-c5242333348c-4-300x200.jpeg 300w, https:\/\/acard.anabilim.k12.tr\/wp-content\/uploads\/2025\/11\/premium_photo-1663106423058-c5242333348c-4-768x512.jpeg 768w, https:\/\/acard.anabilim.k12.tr\/wp-content\/uploads\/2025\/11\/premium_photo-1663106423058-c5242333348c-4-1536x1024.jpeg 1536w, https:\/\/acard.anabilim.k12.tr\/wp-content\/uploads\/2025\/11\/premium_photo-1663106423058-c5242333348c-4-2048x1365.jpeg 2048w\" sizes=\"auto, (max-width: 1024px) 100vw, 1024px\" \/><\/figure>\n\n\n\n<p><\/p>\n\n\n\n<style>\n.read-more-content {\n  display: none;\n  margin-top: 10px;\n  color: #333 !important;\n  line-height: 1.6;\n}\n\n.read-more-btn {\n  display: inline-block;\n  background-color: #d62828 !important; \/* k\u0131rm\u0131z\u0131 *\/\n  color: #fff !important;\n  padding: 10px 20px !important;\n  border: none !important;\n  border-radius: 4px !important;\n  cursor: pointer !important;\n  margin-top: 8px !important;\n  font-weight: 500 !important;\n  transition: background-color 0.3s ease !important;\n}\n\n.read-more-btn:hover {\n  background-color: #a71d2a !important; \/* koyu k\u0131rm\u0131z\u0131 *\/\n  color: #fff !important;\n}\n<\/style>\n\n<div class=\"read-more-section\">\n  <p>\n    Bu k\u0131sa a\u00e7\u0131klama k\u0131sm\u0131d\u0131r. Daha fazla bilgi i\u00e7in a\u015fa\u011f\u0131daki butona t\u0131klay\u0131n.\n  <\/p>\n\n  <button class=\"read-more-btn\" onclick=\"toggleReadMore(this)\">Devam\u0131n\u0131 Oku<\/button>\n\n  <div class=\"read-more-content\">\n    <p>\n      \ud83d\udd34 \u0130\u015fte gizli olan uzun metin burada g\u00f6r\u00fcn\u00fcr.  \n      Buraya istedi\u011fin kadar detayl\u0131 bilgi, a\u00e7\u0131klama veya g\u00f6rsel ekleyebilirsin.  \n      Butona tekrar t\u0131klarsan metin kapan\u0131r.\n    <\/p>\n  <\/div>\n<\/div>\n\n<script>\nfunction toggleReadMore(button) {\n  const content = button.nextElementSibling;\n  const isVisible = content.style.display === 'block';\n  content.style.display = isVisible ? 'none' : 'block';\n  button.textContent = isVisible ? 'Devam\u0131n\u0131 Oku' : 'Kapat';\n}\n<\/script>\n<\/div>\n\n\n\n<div class=\"wp-block-column is-layout-flow wp-block-column-is-layout-flow\">\n<figure class=\"wp-block-image size-large\"><img loading=\"lazy\" decoding=\"async\" width=\"1024\" height=\"683\" src=\"https:\/\/acard.anabilim.k12.tr\/wp-content\/uploads\/2025\/11\/premium_photo-1663106423058-c5242333348c-5-1024x683.jpeg\" alt=\"\" class=\"wp-image-37\" srcset=\"https:\/\/acard.anabilim.k12.tr\/wp-content\/uploads\/2025\/11\/premium_photo-1663106423058-c5242333348c-5-1024x683.jpeg 1024w, https:\/\/acard.anabilim.k12.tr\/wp-content\/uploads\/2025\/11\/premium_photo-1663106423058-c5242333348c-5-300x200.jpeg 300w, https:\/\/acard.anabilim.k12.tr\/wp-content\/uploads\/2025\/11\/premium_photo-1663106423058-c5242333348c-5-768x512.jpeg 768w, https:\/\/acard.anabilim.k12.tr\/wp-content\/uploads\/2025\/11\/premium_photo-1663106423058-c5242333348c-5-1536x1024.jpeg 1536w, https:\/\/acard.anabilim.k12.tr\/wp-content\/uploads\/2025\/11\/premium_photo-1663106423058-c5242333348c-5-2048x1365.jpeg 2048w\" sizes=\"auto, (max-width: 1024px) 100vw, 1024px\" \/><\/figure>\n\n\n\n<p><\/p>\n\n\n\n<style>\n.read-more-content {\n  display: none;\n  margin-top: 10px;\n  color: #333 !important;\n  line-height: 1.6;\n}\n\n.read-more-btn {\n  display: inline-block;\n  background-color: #d62828 !important; \/* k\u0131rm\u0131z\u0131 *\/\n  color: #fff !important;\n  padding: 10px 20px !important;\n  border: none !important;\n  border-radius: 4px !important;\n  cursor: pointer !important;\n  margin-top: 8px !important;\n  font-weight: 500 !important;\n  transition: background-color 0.3s ease !important;\n}\n\n.read-more-btn:hover {\n  background-color: #a71d2a !important; \/* koyu k\u0131rm\u0131z\u0131 *\/\n  color: #fff !important;\n}\n<\/style>\n\n<div class=\"read-more-section\">\n  <p>\n    Bu k\u0131sa a\u00e7\u0131klama k\u0131sm\u0131d\u0131r. Daha fazla bilgi i\u00e7in a\u015fa\u011f\u0131daki butona t\u0131klay\u0131n.\n  <\/p>\n\n  <button class=\"read-more-btn\" onclick=\"toggleReadMore(this)\">Devam\u0131n\u0131 Oku<\/button>\n\n  <div class=\"read-more-content\">\n    <p>\n      \ud83d\udd34 \u0130\u015fte gizli olan uzun metin burada g\u00f6r\u00fcn\u00fcr.  \n      Buraya istedi\u011fin kadar detayl\u0131 bilgi, a\u00e7\u0131klama veya g\u00f6rsel ekleyebilirsin.  \n      Butona tekrar t\u0131klarsan metin kapan\u0131r.\n    <\/p>\n  <\/div>\n<\/div>\n\n<script>\nfunction toggleReadMore(button) {\n  const content = button.nextElementSibling;\n  const isVisible = content.style.display === 'block';\n  content.style.display = isVisible ? 'none' : 'block';\n  button.textContent = isVisible ? 'Devam\u0131n\u0131 Oku' : 'Kapat';\n}\n<\/script>\n<\/div>\n<\/div>\n","protected":false},"excerpt":{"rendered":"<p>\u0130Z KOLEKT\u0130F Bu k\u0131sa a\u00e7\u0131klama k\u0131sm\u0131d\u0131r. Daha fazla bilgi i\u00e7in a\u015fa\u011f\u0131daki butona t\u0131klay\u0131n. Devam\u0131n\u0131 Oku \ud83d\udd34 \u0130\u015fte gizli olan uzun metin burada g\u00f6r\u00fcn\u00fcr. Buraya istedi\u011fin kadar detayl\u0131 bilgi, a\u00e7\u0131klama veya g\u00f6rsel ekleyebilirsin. Butona tekrar t\u0131klarsan metin kapan\u0131r. SEMPA YURT DI\u015eI E\u011e\u0130T\u0130M Bu k\u0131sa a\u00e7\u0131klama k\u0131sm\u0131d\u0131r. Daha fazla bilgi i\u00e7in a\u015fa\u011f\u0131daki butona t\u0131klay\u0131n. Devam\u0131n\u0131 Oku \ud83d\udd34 [&hellip;]<\/p>\n","protected":false},"author":1,"featured_media":0,"parent":0,"menu_order":0,"comment_status":"closed","ping_status":"closed","template":"","meta":{"footnotes":""},"class_list":["post-15","page","type-page","status-publish","hentry"],"_links":{"self":[{"href":"https:\/\/acard.anabilim.k12.tr\/index.php\/wp-json\/wp\/v2\/pages\/15","targetHints":{"allow":["GET"]}}],"collection":[{"href":"https:\/\/acard.anabilim.k12.tr\/index.php\/wp-json\/wp\/v2\/pages"}],"about":[{"href":"https:\/\/acard.anabilim.k12.tr\/index.php\/wp-json\/wp\/v2\/types\/page"}],"author":[{"embeddable":true,"href":"https:\/\/acard.anabilim.k12.tr\/index.php\/wp-json\/wp\/v2\/users\/1"}],"replies":[{"embeddable":true,"href":"https:\/\/acard.anabilim.k12.tr\/index.php\/wp-json\/wp\/v2\/comments?post=15"}],"version-history":[{"count":8,"href":"https:\/\/acard.anabilim.k12.tr\/index.php\/wp-json\/wp\/v2\/pages\/15\/revisions"}],"predecessor-version":[{"id":38,"href":"https:\/\/acard.anabilim.k12.tr\/index.php\/wp-json\/wp\/v2\/pages\/15\/revisions\/38"}],"wp:attachment":[{"href":"https:\/\/acard.anabilim.k12.tr\/index.php\/wp-json\/wp\/v2\/media?parent=15"}],"curies":[{"name":"wp","href":"https:\/\/api.w.org\/{rel}","templated":true}]}}